f 42?
False
Is 11 a factor of 5812208?
False
Does 54 divide 416924?
False
Is 598811 a multiple of 2?
False
Is 7551127 a multiple of 84?
False
Is 219 a factor of 234111?
True
Does 17 divide 2425407?
True
Is 17 a factor of 172040?
True
Does 633 divide 26028573?
False
Does 128 divide 160197?
False
Is 56 a factor of 9642864?
True
Does 148 divide 1274724?
True
Is 115 a factor of 947830?
True
Is 15279063 a multiple of 1238?
False
Is 86355 a multiple of 116?
False
Does 5 divide 180193?
False
Is 30 a factor of 290670?
True
Does 62 divide 2388922?
True
Is 53 a factor of 518805?
False
Does 22 divide 1602512?
False
Does 48 divide 4262370?
False
Is 2924 a multiple of 34?
True
Does 4 divide 5023384?
True
Does 65 divide 607880?
True
Is 1963200 a multiple of 409?
True
Does 12 divide 117276?
True
Does 34 divide 47464?
True
Does 20 divide 141730?
False
Is 9034880 a multiple of 32?
True
Is 2287442 a multiple of 74?
False
Is 8 a factor of 134920?
True
Does 10 divide 91126?
False
Does 9 divide 15509689?
False
Does 1268 divide 659360?
True
Is 47198 a multiple of 43?
False
Does 1780 divide 2670000?
True
Does 30 divide 656433?
False
Is 13 a factor of 49282?
False
Is 1994674 a multiple of 22?
True
Is 334 a factor of 14026521?
False
Is 10439 a multiple of 13?
True
Does 4 divide 4246616?
True
Does 114 divide 4758702?
True
Is 337 a factor of 793821?
False
Is 89 a factor of 7613683?
True
Is 970977 a multiple of 4?
False
Is 564160 a multiple of 5?
True
Does 72 divide 112712?
False
Is 29 a factor of 23951992?
False
Is 1059314 a multiple of 43?
False
Does 17 divide 870332?
True
Does 12 divide 479737?
False
Is 15 a factor of 1746000?
True
Is 50 a factor of 2021650?
True
Is 31 a factor of 57164?
True
Is 208 a factor of 1753692?
False
Does 802 divide 17790141?
False
Does 338 divide 99799?
False
Does 212 divide 10388?
True
Is 2 a factor of 38722?
True
Does 68 divide 2854980?
True
Is 2 a factor of 54029?
False
Is 537 a factor of 13110564?
False
Does 29 divide 7038473?
False
Is 626 a factor of 10297345?
False
Is 51200 a multiple of 51?
False
Does 59 divide 2641?
False
Does 1508 divide 3756932?
False
Does 8 divide 18744?
True
Is 7 a factor of 22904?
True
Is 2966127 a multiple of 342?
False
Does 282 divide 4924566?
True
Does 85 divide 55871?
False
Is 1698293 a multiple of 202?
False
Is 11 a factor of 4797859?
True
Is 485760 a multiple of 33?
True
Is 727125 a multiple of 15?
True
Does 196 divide 66640?
True
Is 20 a factor of 303700?
True
Is 275408 a multiple of 28?
True
Is 763107 a multiple of 587?
False
Is 285342 a multiple of 32?
False
Does 1693 divide 9492651?
True
Is 11643187 a multiple of 12?
False
Is 21 a factor of 370167?
True
Is 467790 a multiple of 658?
False
Is 16 a factor of 900992?
True
Is 1440861 a multiple of 34?
False
Is 134 a factor of 211844?
False
Does 33 divide 133941?
False
Is 557 a factor of 28319551?
True
Does 49 divide 190114?
False
Is 36741 a multiple of 4?
False
Does 24 divide 208157?
False
Does 3 divide 10559?
False
Is 134520 a multiple of 190?
True
Does 447 divide 2797326?
True
Is 4 a factor of 1491667?
False
Is 629622 a multiple of 399?
True
Does 20 divide 7301422?
False
Is 8 a factor of 149296?
True
Is 69 a factor of 4346310?
True
Does 244 divide 2282238?
False
Is 33 a factor of 3329238?
True
Is 167 a factor of 7626598?
False
Is 100067 a multiple of 10?
False
Is 186120 a multiple of 13?
False
Is 497728 a multiple of 308?
True
Is 17544 a multiple of 51?
True
Is 127 a factor of 279841?
False
Is 208 a factor of 5277168?
True
Is 342747 a multiple of 117?
False
Does 3 divide 7694214?
True
Does 25 divide 214053?
False
Is 2 a factor of 1543965?
False
Does 23 divide 67712?
True
Does 384 divide 7731072?
True
Is 29084 a multiple of 22?
True
Does 87 divide 750201?
True
Does 11 divide 11288709?
False
Is 178 a factor of 114988?
True
Is 208405 a multiple of 6?
False
Does 2 divide 43228?
True
Does 196 divide 520887?
False
Is 21 a factor of 378525?
True
Does 183 divide 2194170?
True
Is 4 a factor of 793694?
False
Does 155 divide 673630?
True
Does 1021 divide 1177327?
False
Is 404660 a multiple of 60?
False
Is 2290752 a multiple of 9?
True
Does 158 divide 275394?
True
Is 2753754 a multiple of 269?
False
Does 5 divide 12074510?
True
Does 2 divide 215633?
False
Is 20481 a multiple of 8?
False
Is 91 a factor of 5872503?
True
Is 854 a factor of 1154377?
False
Does 5 divide 1750635?
True
Is 13 a factor of 7064435?
False
Does 37 divide 39535?
False
Does 113 divide 979235?
False
Is 9 a factor of 754137?
True
Is 4 a factor of 16297?
False
Does 53 divide 2520203?
True
Is 80 a factor of 30564?
False
Is 2 a factor of 30149?
False
Does 35 divide 3478503?
False
Is 128112 a multiple of 10?
False
Is 243198 a multiple of 59?
True
Is 1532 a factor of 4942232?
True
Is 113 a factor of 455136?
False
Is 13 a factor of 403195?
True
Is 7 a factor of 231728?
True
Is 424512 a multiple of 4?
True
Does 13 divide 7125917?
False
Is 1327530 a multiple of 12?
False
Is 1285380 a multiple of 9?
True
Is 79 a factor of 887729?
False
Is 129 a factor of 381851?
False
Does 20 divide 7731?
False
Is 5061422 a multiple of 600?
False
Is 63989 a multiple of 60?
False
Does 16 divide 1559968?
True
Is 10790751 a multiple of 633?
True
Is 18 a factor of 1512108?
True
Is 6 a factor of 47724?
True
Is 1128288 a multiple of 876?
True
Is 232734 a multiple of 79?
True
Does 450 divide 5627219?
False
Does 49 divide 1715?
True
Does 105 divide 81900?
True
Is 6 a factor of 3598154?
False
Is 6 a factor of 173984?
False
Is 40 a factor of 42456?
False
Is 104140 a multiple of 82?
True
Is 64620 a multiple of 12?
True
Is 383184 a multiple of 12?
True
Is 1882182 a multiple of 10?
False
Is 11 a factor of 48060?
False
Does 16 divide 30405024?
True
Is 72 a factor of 182119?
False
Does 6 divide 466277?
False
Is 197760 a multiple of 206?
True
Is 22 a factor of 39441?
False
Is 1382581 a multiple of 43?
False
Is 45 a factor of 3838050?
True
Does 7 divide 628161?
False
Is 20269022 a multiple of 376?
False
Does 28 divide 99603?
False
Is 396 a factor of 829620?
True
Does 27 divide 4895883?
True
Is 8 a factor of 230505?
False
Is 130 a factor of 432900?
True
Is 178 a factor of 199092?
False
Is 93600 a multiple of 480?
True
Does 4 divide 18641?
False
Is 248110 a multiple of 38?
False
Is 169710 a multiple of 797?
False
Is 687940 a multiple of 6?
False
Does 10 divide 496770?
True
Is 43738 a multiple of 9?
False
Does 7 divide 1265661?
False
Is 386827 a multiple of 419?
False
Is 303521 a multiple of 294?
False
Is 263390 a multiple of 10?
True
Does 3 divide 88095?
True
Is 150405 a multiple of 185?
True
Does 76 divide 1419?
False
Does 10 divide 1359?
False
Is 3 a factor of 11504?
False
Is 20485296 a multiple of 2118?
True
Is 14 a factor of 67465?
False
Is 359679 a multiple of 9?
False
Is 139 a factor of 626890?
True
Is 348 a factor of 23493480?
True
Is 7 a factor of 216811?
True
Does 35 divide 363814?
False
Does 2 divide 23512?
True
Is 3315288 a multiple of 47?
False
Is 137 a factor of 1344240?
False
Is 1352369 a multiple of 22?
False
Is 100178 a multiple of 167?
False
Is 38480 a multiple of 104?
True
Is 13780494 a multiple of 42?
True
Is 14 a factor of 3836364?
True
Is 15634650 a multiple of 50?
True
Does 41 divide 23033513?
True
Is 175 a factor of 1383716?
False
Is 32 a factor of 4313176?
False
Is 266 a factor of 955393?
False
Is 577 a factor of 1022488?
False
Is 3635222 a multiple of 15?
False
Is 318600 a multiple of 12?
True
Does 91 divide 7732543?
True
Does 4 divide 34084?
True
Does 491 divide 5978867?
False
Is 11 a factor of 7152046?
True
Is 4706338 a multiple of 3?
False
Is 197505 a multiple of 105?
True
Is 1350991 a multiple of 104?
False
Is 42 a factor of 56406?
True
Is 197006 a multiple of 35?
False
Is 52653 a multiple of 119?
False
Is 17 a factor of 342640?
False
Is 63 a factor of 188181?
True
Is 1158 a factor of 18208392?
True
Does 11 divide 141933?
True
Is 46344 a multiple of 9?
False
Is 194093 a multiple of 44?
False
Is 409430 a multiple of 14?
True
Is 390 a factor of 425100?
True
Does 1878 divide 21571000?
False
Is 3417579 a multiple of 9?
True
Is 209 a factor of 9670639?
True
Is 10 a factor of 179784?
False
Is 48151 a multiple of 7?
False
Is 15852 a multiple of 7?
False
Is 3555190 a multiple of 66?
False
Is 44 a factor of 1657050?
Fa